t are the prime factors of 235849353?
3, 401, 196051
List the prime factors of 211603293.
3, 11, 619, 1151
What are the prime factors of 96261558?
2, 3, 16043593
List the prime factors of 391922616.
2, 3, 16330109
List the prime factors of 186819410.
2, 5, 73, 255917
What are the prime factors of 2201110439?
11, 47, 4257467
List the prime factors of 157452868.
2, 2281, 17257
List the prime factors of 1267727993.
7, 137, 1321927
List the prime factors of 27345950.
2, 5, 546919
List the prime factors of 2649237.
3, 29, 37, 823
What are the prime factors of 23604884?
2, 79, 74699
What are the prime factors of 2504821496?
2, 71, 4409897
What are the prime factors of 286150054?
2, 143075027
List the prime factors of 226949785.
5, 45389957
What are the prime factors of 3523838846?
2, 11, 17, 554237
What are the prime factors of 83946563?
5903, 14221
What are the prime factors of 174006?
2, 3, 7, 1381
List the prime factors of 188715255.
3, 5, 1811, 6947
List the prime factors of 174776842.
2, 191, 449, 1019
What are the prime factors of 41660178?
2, 3, 7, 991909
What are the prime factors of 8824486?
2, 11, 401113
What are the prime factors of 116506777?
1499, 77723
What are the prime factors of 1301259539?
1301259539
List the prime factors of 53800653.
3, 17933551
List the prime factors of 50810875.
5, 17, 23911
What are the prime factors of 750760795?
5, 67, 283, 7919
What are the prime factors of 334568551?
17, 199, 98897
What are the prime factors of 92191931?
13, 593, 11959
List the prime factors of 55197799.
55197799
List the prime factors of 335855898.
2, 3, 7, 193, 1973
What are the prime factors of 159336306?
2, 3, 251, 35267
List the prime factors of 163476790.
2, 5, 71, 193, 1193
List the prime factors of 184875381.
3, 1871, 10979
What are the prime factors of 73172081?
439, 166679
List the prime factors of 92031761.
17, 29, 79, 139
What are the prime factors of 973977146?
2, 47, 10361459
List the prime factors of 230450474.
2, 593, 194309
What are the prime factors of 558652089?
3, 1721, 108203
What are the prime factors of 84180472?
2, 89, 137, 863
List the prime factors of 6845515454.
2, 3422757727
What are the prime factors of 3139192545?
3, 5, 17, 113, 108943
What are the prime factors of 21996826?
2, 83, 132511
What are the prime factors of 58348614?
2, 3, 9724769
What are the prime factors of 497194335?
3, 5, 11, 23, 14557
What are the prime factors of 4062823089?
3, 13, 1033, 100847
List the prime factors of 165534607.
7, 23647801
What are the prime factors of 198427245?
3, 5, 3557, 3719
What are the prime factors of 126002590?
2, 5, 7, 1800037
List the prime factors of 103818988.
2, 7, 13, 223, 1279
What are the prime factors of 143048067?
3, 263, 181303
What are the prime factors of 25375621?
19, 977, 1367
What are the prime factors of 592025598?
2, 3, 19, 192341
List the prime factors of 1090894641.
3, 17, 21390091
List the prime factors of 171311866.
2, 11, 19, 23, 103, 173
List the prime factors of 1616892239.
1616892239
What are the prime factors of 22841222?
2, 11420611
What are the prime factors of 44682269?
149, 299881
List the prime factors of 386170733.
13, 89, 333769
List the prime factors of 1637446.
2, 818723
What are the prime factors of 5065328677?
5065328677
List the prime factors of 147135208.
2, 11, 53, 31547
List the prime factors of 178372413.
3, 103, 317, 607
List the prime factors of 5472999.
3, 7, 109, 797
List the prime factors of 50137135.
5, 10027427
List the prime factors of 254123572.
2, 2879, 22067
What are the prime factors of 98893596?
2, 3, 29, 31, 89, 103
List the prime factors of 4273372313.
7, 37, 41, 107, 3761
What are the prime factors of 5143323640?
2, 5, 7, 13, 1413001
What are the prime factors of 473911677?
3, 1933, 27241
What are the prime factors of 561773891?
7, 17, 1279, 3691
What are the prime factors of 25640178?
2, 3, 167, 25589
List the prime factors of 1104148073.
7, 157735439
List the prime factors of 55381997.
11, 467, 10781
What are the prime factors of 1558072461?
3, 11, 47214317
What are the prime factors of 107912239?
37, 59, 49433
What are the prime factors of 8798878?
2, 11, 103, 353
List the prime factors of 188340328.
2, 11, 2140231
List the prime factors of 246960927.
3, 461, 19841
What are the prime factors of 606766781?
71, 2293, 3727
List the prime factors of 317011970.
2, 5, 11, 1373, 2099
List the prime factors of 63873922.
2, 7, 1097, 4159
What are the prime factors of 4192104990?
2, 3, 5, 101, 571, 2423
List the prime factors of 322242329.
41, 67, 117307
List the prime factors of 248168078.
2, 4021, 30859
List the prime factors of 10936001.
19, 575579
List the prime factors of 269265130.
2, 5, 227, 118619
What are the prime factors of 4889572588?
2, 31, 41, 961757
List the prime factors of 2532705243.
3, 83, 2879, 3533
List the prime factors of 1427055004.
2, 17, 461, 45523
List the prime factors of 462587705.
5, 61, 1516681
List the prime factors of 522613100.
2, 5, 839, 6229
List the prime factors of 5328719.
11, 47, 937
List the prime factors of 741524056.
2, 7, 13, 145511
What are the prime factors of 30358098?
2, 3, 163, 3449
What are the prime factors of 21003429?
3, 251, 27893
List the prime factors of 66354661.
66354661
What are the prime factors of 60231587?
13, 4633199
What are the prime factors of 73419157?
7, 337, 31123
What are the prime factors of 242565638?
2, 7, 31, 59, 9473
List the prime factors of 136464245.
5, 27292849
List the prime factors of 61316471.
61316471
List the prime factors of 2679324792.
2, 3, 31, 3601243
List the prime factors of 554240985.
3, 5, 59, 626261
List the prime factors of 2979717065.
5, 13, 45841801
What are the prime factors of 5607196382?
2, 733, 3824827
What are the prime factors of 84781394?
2, 42390697
List the prime factors of 669518423.
7, 617, 155017
List the prime factors of 191092201.
127, 1504663
What are the prime factors of 780032253?
3, 7, 11, 13, 259751
List the prime factors of 387748346.
2, 1409, 137597
What are the prime factors of 1147064?
2, 127, 1129
List the prime factors of 63249373.
11, 5749943
List the prime factors of 239899034.
2, 1381, 86857
List the prime factors of 275677098.
2, 3, 2281, 20143
What are the prime factors of 124311870?
2, 3, 5, 19, 139, 523
List the prime factors of 88883590.
2, 5, 8888359
List the prime factors of 37140649.
7, 13, 19, 21481
List the prime factors of 411195503.
263, 1563481
What are the prime factors of 114850771?
7, 983, 16691
What are the prime factors of 1106608665?
3, 5, 5501, 13411
List the prime factors of 106153141.
41, 2589101
List the prime factors of 530924532.
2, 3, 53, 834787
List the prime factors of 51360441.
3, 11, 353, 4409
What are the prime factors of 28649602?
2, 47, 67, 4549
What are the prime factors of 144412354?
2, 23, 3139399
What are the prime factors of 84804157?
317, 267521
What are the prime factors of 79831762?
2, 17, 1061, 2213
List the prime factors of 479874262.
2, 7, 461, 74353
List the prime factors of 98321069.
7, 11, 1276897
What are the prime factors of 221417034?
2, 3, 36902839
List the prime factors of 3216133559.
17, 563, 336029
List the prime factors of 23470958.
2, 7, 1676497
What are the prime factors of 399604884?
2, 3, 7, 19, 37, 67, 101
What are the prime factors of 738511171?
19, 31, 1253839
What are the prime factors of 2287656811?
11, 31, 317, 21163
List the prime factors of 19430117.
7, 396533
List the prime factors of 6294322764.
2, 3, 174842299
List the prime factors of 22313797.
11, 2028527
List the prime factors of 876943774.
2, 7, 277, 226133
List the prime factors of 51629887.
101, 167, 3061
List the prime factors of 229353570.
2, 3, 5, 571, 4463
What are the prime factors of 119881147?
37, 3240031
What are the prime factors of 143493990?
2, 3, 5, 1367, 3499
What are the prime factors of 1441414564?
2, 17, 31, 683783
What are the prime factors of 7345226919?
3, 101, 24241673
List the prime factors of 96936602.
2, 7, 141307
What are the prime factors of 2352567589?
2352567589
What are the prime factors of 495056674?
2, 7, 35361191
List the prime factors of 36140939.
67, 83, 97
List the prime factors of 4966019433.
3, 551779937
What are the prime factors of 1447556632?
2, 229, 367, 2153
List the prim